{"id":13,"date":"2023-04-30T03:14:28","date_gmt":"2023-04-30T03:14:28","guid":{"rendered":"https:\/\/www.westricher-blubbis.de\/?page_id=13"},"modified":"2026-04-07T17:35:16","modified_gmt":"2026-04-07T17:35:16","slug":"home","status":"publish","type":"page","link":"https:\/\/www.westricher-blubbis.de\/","title":{"rendered":"Home"},"content":{"rendered":"\n<figure class=\"wp-block-image size-large\"><img loading=\"lazy\" decoding=\"async\" width=\"1024\" height=\"683\" src=\"https:\/\/www.westricher-blubbis.de\/wp-content\/uploads\/2016\/05\/478929451-huge-1024x683.jpg\" alt=\"\" class=\"wp-image-4\" srcset=\"https:\/\/www.westricher-blubbis.de\/wp-content\/uploads\/2016\/05\/478929451-huge-1024x683.jpg 1024w, https:\/\/www.westricher-blubbis.de\/wp-content\/uploads\/2016\/05\/478929451-huge-300x200.jpg 300w, https:\/\/www.westricher-blubbis.de\/wp-content\/uploads\/2016\/05\/478929451-huge-768x512.jpg 768w, https:\/\/www.westricher-blubbis.de\/wp-content\/uploads\/2016\/05\/478929451-huge-1536x1024.jpg 1536w, https:\/\/www.westricher-blubbis.de\/wp-content\/uploads\/2016\/05\/478929451-huge-2048x1366.jpg 2048w, https:\/\/www.westricher-blubbis.de\/wp-content\/uploads\/2016\/05\/478929451-huge-1568x1045.jpg 1568w\" sizes=\"(max-width: 1024px) 100vw, 1024px\" \/><\/figure>\n\n\n\n<p class=\"has-text-align-center\" style=\"font-size:19px\">Willkommen bei den Freuden des Tauchsports und der Unterwasserwelt.<\/p>\n\n\n\n<h2 class=\"wp-block-heading has-text-align-center\">Aktuelles<\/h2>\n\n\n\n<p><strong>Vosrstandssitzung<\/strong><\/p>\n\n\n\n<p>Der Vorstand hat sich am 06.03.2026 um 18:00 Uhr beim Cappel in Altenglan getroffen.<\/p>\n\n\n\n<p><strong>Mitglieder- Vollversammlung<\/strong><\/p>\n\n\n\n<p>Am 27.03.2026 um 18:00 Uhr sind alle Mitglieder zur Vollversammlung beim Cappel (Remigiusland) in Altenglan in gro\u00dfen Nebenzimmer herzlich eingeladen.<\/p>\n\n\n\n<p><strong>Grillfest<\/strong><\/p>\n\n\n\n<p>Am Freitag 17.07.2026 um 18:00 Uhr sind alle Mitglieder zum Grillfest in M\u00fcllers H\u00fctte in K\u00f6rborn eingeladen.<\/p>\n\n\n\n<p><strong>Antauchen<\/strong><\/p>\n\n\n\n<p>Das Antauchen findet dieses Jahr am 18.04. um 11:00 Uhr im J\u00e4gerweiher (Altrip) statt.  <a href=\"https:\/\/www.google.com\/maps\/dir\/J%C3%A4gerweiher,+67122+Altrip\/49.4233031,8.468595\/@49.4236842,8.4660756,1365m\/data=!3m1!1e3!4m9!4m8!1m5!1m1!1s0x4797c9786790bae5:0x810ff25de190c226!2m2!1d8.4686087!2d49.4235212!1m0!3e0?entry=ttu&amp;g_ep=EgoyMDI2MDQwNS4wIKXMDSoASAFQAw%3D%3D\" data-type=\"link\" data-id=\"https:\/\/www.google.com\/maps\/dir\/J%C3%A4gerweiher,+67122+Altrip\/49.4233031,8.468595\/@49.4236842,8.4660756,1365m\/data=!3m1!1e3!4m9!4m8!1m5!1m1!1s0x4797c9786790bae5:0x810ff25de190c226!2m2!1d8.4686087!2d49.4235212!1m0!3e0?entry=ttu&amp;g_ep=EgoyMDI2MDQwNS4wIKXMDSoASAFQAw%3D%3D\">Google Maps Link<\/a>  Bitte rechtzeitig anmelden, damit noch ein Pl\u00e4tz frei ist.<\/p>\n\n\n\n<p>Ebenfalls um 11:00 Uhr gibt es am 11.04. die Gelegenheit, in Haschbach das frische Wasser zu genie\u00dfen. Bitte auch dazu anmelden.<\/p>\n\n\n\n<p><\/p>\n\n\n\n<p><strong>Training im Hallenbad Kusel<\/strong><\/p>\n\n\n\n<p>Das w\u00f6chentliche Training findet momentan immer noch montags ab 18:45 Uhr im Hallenbad statt.<\/p>\n\n\n\n<p>Bitte seid p\u00fcnktlich am Eingang, da wir ein auf 4,50\u20ac pro Person erm\u00e4\u00dfigtes Gemeinschaftsticket holen zu dem der Verein jedem 2,50\u20ac zusteuert.<\/p>\n\n\n\n<p><strong>Training im Freibad Altenglan<\/strong><\/p>\n\n\n\n<p>Der \u00d6ffnungstermin vom Freibad wird hier bekannt gegeben sobald er vorliegt.<\/p>\n\n\n\n<p>Den erm\u00e4\u00dfigten Eintritt (Abend-Tarif) zahlt dort jeder selbst.<\/p>\n","protected":false},"excerpt":{"rendered":"<p>Willkommen bei den Freuden des Tauchsports und der Unterwasserwelt. Aktuelles Vosrstandssitzung Der Vorstand hat sich am 06.03.2026 um 18:00 Uhr beim Cappel in Altenglan getroffen. Mitglieder- Vollversammlung Am 27.03.2026 um 18:00 Uhr sind alle Mitglieder zur Vollversammlung beim Cappel (Remigiusland) in Altenglan in gro\u00dfen Nebenzimmer herzlich eingeladen. Grillfest Am Freitag 17.07.2026 um 18:00 Uhr sind&hellip; <a class=\"more-link\" href=\"https:\/\/www.westricher-blubbis.de\/\"><span class=\"screen-reader-text\">Home<\/span> weiterlesen<\/a><\/p>\n","protected":false},"author":1,"featured_media":0,"parent":0,"menu_order":0,"comment_status":"closed","ping_status":"closed","template":"","meta":{"footnotes":""},"_links":{"self":[{"href":"https:\/\/www.westricher-blubbis.de\/index.php?rest_route=\/wp\/v2\/pages\/13"}],"collection":[{"href":"https:\/\/www.westricher-blubbis.de\/index.php?rest_route=\/wp\/v2\/pages"}],"about":[{"href":"https:\/\/www.westricher-blubbis.de\/index.php?rest_route=\/wp\/v2\/types\/page"}],"author":[{"embeddable":true,"href":"https:\/\/www.westricher-blubbis.de\/index.php?rest_route=\/wp\/v2\/users\/1"}],"replies":[{"embeddable":true,"href":"https:\/\/www.westricher-blubbis.de\/index.php?rest_route=%2Fwp%2Fv2%2Fcomments&post=13"}],"version-history":[{"count":29,"href":"https:\/\/www.westricher-blubbis.de\/index.php?rest_route=\/wp\/v2\/pages\/13\/revisions"}],"predecessor-version":[{"id":114,"href":"https:\/\/www.westricher-blubbis.de\/index.php?rest_route=\/wp\/v2\/pages\/13\/revisions\/114"}],"wp:attachment":[{"href":"https:\/\/www.westricher-blubbis.de\/index.php?rest_route=%2Fwp%2Fv2%2Fmedia&parent=13"}],"curies":[{"name":"wp","href":"https:\/\/api.w.org\/{rel}","templated":true}]}}

<figure class="wp-block-image size-large"><img loading="lazy" decoding="async" width="1024" height="683" src="https://www.westricher-blubbis.de/wp-content/uploads/2016/05/478929451-huge-1024x683.jpg" alt="" class="wp-image-4" srcset="https://www.westricher-blubbis.de/wp-content/uploads/2016/05/478929451-huge-1024x683.jpg 1024w, https://www.westricher-blubbis.de/wp-content/uploads/2016/05/478929451-huge-300x200.jpg 300w, https://www.westricher-blubbis.de/wp-content/uploads/2016/05/478929451-huge-768x512.jpg 768w, https://www.westricher-blubbis.de/wp-content/uploads/2016/05/478929451-huge-1536x1024.jpg 1536w, https://www.westricher-blubbis.de/wp-content/uploads/2016/05/478929451-huge-2048x1366.jpg 2048w, https://www.westricher-blubbis.de/wp-content/uploads/2016/05/478929451-huge-1568x1045.jpg 1568w" sizes="(max-width: 1024px) 100vw, 1024px" /></figure>



<p class="has-text-align-center" style="font-size:19px">Willkommen bei den Freuden des Tauchsports und der Unterwasserwelt.</p>



<h2 class="wp-block-heading has-text-align-center">Aktuelles</h2>



<p><strong>Vosrstandssitzung</strong></p>



<p>Der Vorstand hat sich am 06.03.2026 um 18:00 Uhr beim Cappel in Altenglan getroffen.</p>



<p><strong>Mitglieder- Vollversammlung</strong></p>



<p>Am 27.03.2026 um 18:00 Uhr sind alle Mitglieder zur Vollversammlung beim Cappel (Remigiusland) in Altenglan in großen Nebenzimmer herzlich eingeladen.</p>



<p><strong>Grillfest</strong></p>



<p>Am Freitag 17.07.2026 um 18:00 Uhr sind alle Mitglieder zum Grillfest in Müllers Hütte in Körborn eingeladen.</p>



<p><strong>Antauchen</strong></p>



<p>Das Antauchen findet dieses Jahr am 18.04. um 11:00 Uhr im Jägerweiher (Altrip) statt.  <a href="https://www.google.com/maps/dir/J%C3%A4gerweiher,+67122+Altrip/49.4233031,8.468595/@49.4236842,8.4660756,1365m/data=!3m1!1e3!4m9!4m8!1m5!1m1!1s0x4797c9786790bae5:0x810ff25de190c226!2m2!1d8.4686087!2d49.4235212!1m0!3e0?entry=ttu&amp;g_ep=EgoyMDI2MDQwNS4wIKXMDSoASAFQAw%3D%3D" data-type="link" data-id="https://www.google.com/maps/dir/J%C3%A4gerweiher,+67122+Altrip/49.4233031,8.468595/@49.4236842,8.4660756,1365m/data=!3m1!1e3!4m9!4m8!1m5!1m1!1s0x4797c9786790bae5:0x810ff25de190c226!2m2!1d8.4686087!2d49.4235212!1m0!3e0?entry=ttu&amp;g_ep=EgoyMDI2MDQwNS4wIKXMDSoASAFQAw%3D%3D">Google Maps Link</a>  Bitte rechtzeitig anmelden, damit noch ein Plätz frei ist.</p>



<p>Ebenfalls um 11:00 Uhr gibt es am 11.04. die Gelegenheit, in Haschbach das frische Wasser zu genießen. Bitte auch dazu anmelden.</p>



<p></p>



<p><strong>Training im Hallenbad Kusel</strong></p>



<p>Das wöchentliche Training findet momentan immer noch montags ab 18:45 Uhr im Hallenbad statt.</p>



<p>Bitte seid pünktlich am Eingang, da wir ein auf 4,50€ pro Person ermäßigtes Gemeinschaftsticket holen zu dem der Verein jedem 2,50€ zusteuert.</p>



<p><strong>Training im Freibad Altenglan</strong></p>



<p>Der Öffnungstermin vom Freibad wird hier bekannt gegeben sobald er vorliegt.</p>



<p>Den ermäßigten Eintritt (Abend-Tarif) zahlt dort jeder selbst.</p>

<p>Willkommen bei den Freuden des Tauchsports und der Unterwasserwelt. Aktuelles Vosrstandssitzung Der Vorstand hat sich am 06.03.2026 um 18:00 Uhr beim Cappel in Altenglan getroffen. Mitglieder- Vollversammlung Am 27.03.2026 um 18:00 Uhr sind alle Mitglieder zur Vollversammlung beim Cappel (Remigiusland) in Altenglan in großen Nebenzimmer herzlich eingeladen. Grillfest Am Freitag 17.07.2026 um 18:00 Uhr sind&hellip; <a class="more-link" href="https://www.westricher-blubbis.de/"><span class="screen-reader-text">Home</span> weiterlesen</a></p>
