{"id":25,"date":"2023-04-30T03:28:55","date_gmt":"2023-04-30T03:28:55","guid":{"rendered":"https:\/\/www.westricher-blubbis.de\/?page_id=25"},"modified":"2023-04-30T03:29:22","modified_gmt":"2023-04-30T03:29:22","slug":"ausbildung","status":"publish","type":"page","link":"https:\/\/www.westricher-blubbis.de\/?page_id=25","title":{"rendered":"Ausbildung"},"content":{"rendered":"\n<p>Jedes Jahr zieht es tausende Touristen ans Rote Meer oder in die Karibik, um den Tauchsport zu erlernen. Leider muss man aber immer wieder in Zeitungen von Tauchunf\u00e4llen mit schwersten k\u00f6rperlichen Sch\u00e4den f\u00fcr die Betroffenen oder sogar mit t\u00f6dlichem Ausgang lesen. Um den Tauchsport sicher auszu\u00fcben reicht ein 3 Tage Crash-Kurs am Urlaubsort nicht aus, darum sollte man auf eine fundierte Tauchausbildung in Theorie und Praxis nicht verzichten. Die Vereine im Verband Deutscher Sporttaucher e. V. (VDST) gew\u00e4hrleisten eine Ausbildung f\u00fcr sicheres und umweltgerechtes Tauchen, sei es an tropischen Korallenriffen oder im heimischen Baggersee. Als Best\u00e4tigung nachgewiesener Taucherfahrung erteilt der VDST Tauchscheine, die im In- und Ausland von fast allen Beh\u00f6rden, Sport- und sonstigen Verb\u00e4nden\/Unternehmen als Bef\u00e4higungsnachweis zum Tauchen mit Ger\u00e4t anerkannt werden. Abnahmekarten f\u00fcr alle Tauchscheinarten sind \u00fcber die Mitgliedsvereine des VDST erh\u00e4ltlich.<\/p>\n\n\n\n<h5 class=\"alignwide wp-block-heading\"><strong>Der VDST erteilt folgende Abzeichen:<\/strong><\/h5>\n\n\n\n<figure class=\"wp-block-table alignwide is-style-stripes\"><table><tbody><tr><td>Junior Schnorchelbrevet &#8222;A und B&#8220;<\/td><td>(8 &#8211; 12 Jahre)<\/td><\/tr><tr><td>Schnuppertauchen<\/td><td>(ab 8 Jahre)<\/td><\/tr><tr><td>Deutsches Jugendtauchsportabzeichen (DJTSA)<\/td><td>(10 &#8211; 17 Jahre)<\/td><\/tr><tr><td>Grundtauchschein<\/td><td>(ab 12 Jahre)<\/td><\/tr><tr><td>VDST\/CMAS* Deutsches Tauchsportabzeichen DTSA-Bronze<\/td><td>(ab 14 Jahre)<\/td><\/tr><tr><td>VDST\/CMAS** Deutsches Tauchsportabzeichen DTSA-Silber<\/td><td>(ab 16 Jahre)<\/td><\/tr><tr><td>VDST\/CMAS*** Deutsches Tauchsportabzeichen DTSA-Gold<\/td><td>(ab 18 Jahre)<\/td><\/tr><tr><td>VDST\/CMAS-Apnoetaucher* Deutsches Tauchsportabzeichen DTSA Apnoe-Bronze<\/td><td>(ab 14 Jahre)<\/td><\/tr><tr><td>VDST\/CMAS-Apnoetaucher** Deutsches Tauchsportabzeichen DTSA Apnoe-Silber<\/td><td>(ab 16 Jahre)<\/td><\/tr><tr><td>VDST\/CMAS-Apnoetaucher*** Deutsches Tauchsportabzeichen DTSA Apnoe-Gold<\/td><td>(ab 18 Jahre)<\/td><\/tr><tr><td>VDST\/CMAS-Nitroxtaucher* Deutsches Tauchsportabzeichen DTSA Nitrox-Bronze<\/td><td>(ab 18 Jahre)<\/td><\/tr><tr><td>VDST\/CMAS-Nitroxtaucher** Deutsches Tauchsportabzeichen DTSA Nitrox-Silber<\/td><td>(ab 18 Jahre)<\/td><\/tr><\/tbody><\/table><\/figure>\n\n\n\n<p>Des weiteren werden durch die Mitgliedsvereine des VDST Spezialkurse durchgef\u00fchrt, sie sind ein Angebot an jeden Sporttaucher, sich eigenverantwortlich fortzubilden und dar\u00fcber hinaus eine M\u00f6glichkeit, das Wissen und die Erfahrung in den eigenen Interessengebieten zu vertiefen.<\/p>\n\n\n\n<h5 class=\"wp-block-heading\"><strong>Folgende Spezialkurse werden angeboten<\/strong><\/h5>\n\n\n\n<ul id=\"enum\">\n<li>Orientierung beim Tauchen<\/li>\n\n\n\n<li>Gruppenf\u00fchrung<\/li>\n\n\n\n<li>Tauchsicherheit &amp; Rettung<\/li>\n\n\n\n<li>Nachttauchen<\/li>\n\n\n\n<li>Trockentauchen<\/li>\n\n\n\n<li>Str\u00f6mungstauchen<\/li>\n\n\n\n<li>Wracktauchen<\/li>\n\n\n\n<li>Sporttauchen in Meeresh\u00f6hlen<\/li>\n\n\n\n<li>Medizin Praxis<\/li>\n\n\n\n<li>Apnoe 1<\/li>\n\n\n\n<li>Apnoe 2<\/li>\n\n\n\n<li>Meeresbiologie<\/li>\n\n\n\n<li>S\u00fc\u00dfwasserbiologie<\/li>\n\n\n\n<li>Gew\u00e4sseruntersuchung<\/li>\n\n\n\n<li>Ozeanologie<\/li>\n\n\n\n<li>UW-Denkmalschutz &amp; -Arch\u00e4ologie<\/li>\n<\/ul>\n","protected":false},"excerpt":{"rendered":"<p>Jedes Jahr zieht es tausende Touristen ans Rote Meer oder in die Karibik, um den Tauchsport zu erlernen. Leider muss man aber immer wieder in Zeitungen von Tauchunf\u00e4llen mit schwersten k\u00f6rperlichen Sch\u00e4den f\u00fcr die Betroffenen oder sogar mit t\u00f6dlichem Ausgang lesen. Um den Tauchsport sicher auszu\u00fcben reicht ein 3 Tage Crash-Kurs am Urlaubsort nicht aus,&hellip; <a class=\"more-link\" href=\"https:\/\/www.westricher-blubbis.de\/?page_id=25\"><span class=\"screen-reader-text\">Ausbildung<\/span> weiterlesen<\/a><\/p>\n","protected":false},"author":1,"featured_media":0,"parent":13,"menu_order":1,"comment_status":"closed","ping_status":"closed","template":"","meta":{"footnotes":""},"_links":{"self":[{"href":"https:\/\/www.westricher-blubbis.de\/index.php?rest_route=\/wp\/v2\/pages\/25"}],"collection":[{"href":"https:\/\/www.westricher-blubbis.de\/index.php?rest_route=\/wp\/v2\/pages"}],"about":[{"href":"https:\/\/www.westricher-blubbis.de\/index.php?rest_route=\/wp\/v2\/types\/page"}],"author":[{"embeddable":true,"href":"https:\/\/www.westricher-blubbis.de\/index.php?rest_route=\/wp\/v2\/users\/1"}],"replies":[{"embeddable":true,"href":"https:\/\/www.westricher-blubbis.de\/index.php?rest_route=%2Fwp%2Fv2%2Fcomments&post=25"}],"version-history":[{"count":1,"href":"https:\/\/www.westricher-blubbis.de\/index.php?rest_route=\/wp\/v2\/pages\/25\/revisions"}],"predecessor-version":[{"id":26,"href":"https:\/\/www.westricher-blubbis.de\/index.php?rest_route=\/wp\/v2\/pages\/25\/revisions\/26"}],"up":[{"embeddable":true,"href":"https:\/\/www.westricher-blubbis.de\/index.php?rest_route=\/wp\/v2\/pages\/13"}],"wp:attachment":[{"href":"https:\/\/www.westricher-blubbis.de\/index.php?rest_route=%2Fwp%2Fv2%2Fmedia&parent=25"}],"curies":[{"name":"wp","href":"https:\/\/api.w.org\/{rel}","templated":true}]}}